{"id":636,"date":"2020-03-21T15:50:08","date_gmt":"2020-03-21T19:50:08","guid":{"rendered":"http:\/\/www.sonimec.ca\/?page_id=636"},"modified":"2020-05-06T10:19:23","modified_gmt":"2020-05-06T14:19:23","slug":"blogue","status":"publish","type":"page","link":"https:\/\/www.sonimec.ca\/index.php\/blogue\/","title":{"rendered":"Blogue et Guide \u00e0 t\u00e9l\u00e9charger."},"content":{"rendered":"<p>[vc_row][vc_column][vc_text_separator title=&#8221;Blog de Fabienne Elliott&#8221; border_width=&#8221;3&#8243;][vc_column_text]<br \/>\nCumulant plus de 20 ans d&#8217;exp\u00e9rience en communications aupr\u00e8s d&#8217;entreprises priv\u00e9es et d&#8217;organisations publiques, notre collaboratrice a poursuivi des \u00e9tudes de troisi\u00e8me cycle en gestion, et pratique l&#8217;enseignement \u00e0 distance depuis plusieurs ann\u00e9es. Elle nous offre une s\u00e9rie d&#8217;articles sur le travail \u00e0 distance:<\/p>\n<p><br \/>\n<\/p>\n<ul>\n<li><a href=\"http:\/\/www.sonimec.ca\/index.php\/teletravail-et-crise-un-melange-explosif-ou-pas\/\">Le t\u00e9l\u00e9travail<\/a>;<\/li>\n<li><a href=\"http:\/\/www.sonimec.ca\/index.php\/la-formation-a-distance-demystifiee\/\">La formation \u00e0 distance 1 : entr\u00e9e en mati\u00e8re;<\/a><\/li>\n<li><a href=\"http:\/\/www.sonimec.ca\/index.php\/le-choix-dune-plateforme-de-formation\/\">La formation \u00e0 distance 2 : les outils;<\/a><\/li>\n<li>Les r\u00e9unions en ligne;<\/li>\n<li>La gestion du changement.<\/li>\n<\/ul>\n<p><!-- \/wp:paragraph -->[\/vc_column_text][vc_text_separator title=&#8221;Guides pratiques par Daniel Bolduc&#8221; color=&#8221;orange&#8221; border_width=&#8221;3&#8243;][\/vc_column][\/vc_row][vc_row gap=&#8221;20&#8243; equal_height=&#8221;yes&#8221;][vc_column width=&#8221;1\/2&#8243; css=&#8221;.vc_custom_1588702593519{background: #ffffff url(http:\/\/www.sonimec.ca\/wp-content\/uploads\/2020\/04\/SONIMEC-Les-\u00e9quipements-de-conf\u00e9rence-\u00e0-la-maison.001.jpeg?id=674) !important;background-position: center !important;background-repeat: no-repeat !important;background-size: contain !important;}&#8221;][\/vc_column][vc_column width=&#8221;1\/2&#8243; css=&#8221;.vc_custom_1482332133400{border: 1px solid #ededed !important;}&#8221;][vc_custom_heading text=&#8221;Guide des \u00e9quipements pour la visioconf\u00e9rence \u00e0 la maison.&#8221; font_container=&#8221;tag:h3|text_align:left&#8221; use_theme_fonts=&#8221;yes&#8221; css=&#8221;.vc_custom_1588623201450{padding-right: 35px !important;padding-left: 35px !important;}&#8221;][vc_column_text css=&#8221;.vc_custom_1588623298992{padding-right: 35px !important;padding-left: 35px !important;}&#8221;]<\/p>\n<p style=\"text-align: left;\">Survol de trois familles de p\u00e9riph\u00e9riques audio pour bien r\u00e9ussir la visioconf\u00e9rence \u00e0 la maison<\/p>\n<p>[\/vc_column_text][vc_btn title=&#8221;T\u00e9l\u00e9charger&#8221; style=&#8221;flat&#8221; color=&#8221;orange&#8221; size=&#8221;lg&#8221; align=&#8221;left&#8221; css=&#8221;.vc_custom_1588678955696{padding-left: 35px !important;}&#8221; link=&#8221;url:http%3A%2F%2Fwww.sonimec.ca%2Fwp-content%2Fuploads%2F2020%2F04%2FSONIMEC-Les-%C3%A9quipements-de-conf%C3%A9rence-%C3%A0-la-maison.pdf|||&#8221;][\/vc_column][\/vc_row][vc_row gap=&#8221;20&#8243; equal_height=&#8221;yes&#8221; css=&#8221;.vc_custom_1482332206790{margin-top: 20px !important;}&#8221;][vc_column width=&#8221;1\/2&#8243; css=&#8221;.vc_custom_1482332133400{border: 1px solid #ededed !important;}&#8221;][vc_custom_heading text=&#8221;Guide des \u00e9quipements de conf\u00e9rence au bureau.&#8221; font_container=&#8221;tag:h3|text_align:left&#8221; use_theme_fonts=&#8221;yes&#8221; css=&#8221;.vc_custom_1588678729390{padding-right: 35px !important;padding-left: 35px !important;}&#8221;][vc_column_text css=&#8221;.vc_custom_1588678830942{padding-right: 35px !important;padding-left: 35px !important;}&#8221;]<\/p>\n<p style=\"text-align: left;\">Pour vous aider \u00e0 choisir le bon \u00e9quipement pour votre salle de conf\u00e9rence.<\/p>\n<p>[\/vc_column_text][vc_btn title=&#8221;T\u00e9l\u00e9charger&#8221; style=&#8221;flat&#8221; color=&#8221;orange&#8221; size=&#8221;lg&#8221; align=&#8221;left&#8221; css=&#8221;.vc_custom_1588679493864{padding-left: 35px !important;}&#8221; link=&#8221;url:http%3A%2F%2Fwww.sonimec.ca%2Fwp-content%2Fuploads%2F2020%2F05%2FSonimec-Les-%C3%A9quipements-de-conf%C3%A9rence-au-bureau.pdf|title:Les%20%C3%A9quipements%20de%20conf%C3%A9rence%20au%20bureau||&#8221;][\/vc_column][vc_column width=&#8221;1\/2&#8243; css=&#8221;.vc_custom_1588693972778{background: #ffffff url(http:\/\/www.sonimec.ca\/wp-content\/uploads\/2020\/05\/P-couverture-Les-\u00e9quipements-de-conf\u00e9rence-au-bureau.001.jpeg?id=718) !important;background-position: center !important;background-repeat: no-repeat !important;background-size: contain !important;}&#8221;][\/vc_column][\/vc_row][vc_row gap=&#8221;20&#8243; equal_height=&#8221;yes&#8221;][vc_column width=&#8221;1\/2&#8243; css=&#8221;.vc_custom_1588694044899{background-image: url(http:\/\/www.sonimec.ca\/wp-content\/uploads\/2020\/05\/P-couverture-Les-Microphones.001.jpeg?id=719) !important;background-position: center !important;background-repeat: no-repeat !important;background-size: contain !important;}&#8221;][\/vc_column][vc_column width=&#8221;1\/2&#8243; css=&#8221;.vc_custom_1482332133400{border: 1px solid #ededed !important;}&#8221;][vc_custom_heading text=&#8221;Les \u00e9quipements d&#8217;int\u00e9gration.&#8221; font_container=&#8221;tag:h3|text_align:left&#8221; use_theme_fonts=&#8221;yes&#8221; css=&#8221;.vc_custom_1588679650739{padding-right: 35px !important;padding-left: 35px !important;}&#8221;][vc_column_text css=&#8221;.vc_custom_1588680602952{padding-right: 35px !important;padding-left: 35px !important;}&#8221;]<\/p>\n<p style=\"text-align: left;\">Les microphones de votre salle de conf\u00e9rence doivent \u00eatre choisis en fonction d&#8217;une foule de param\u00e8tres. Vous ne trouverez nulle part ailleurs un document qui dresse un tableau aussi simple et complet.<\/p>\n<p>[\/vc_column_text][vc_btn title=&#8221;T\u00e9l\u00e9charger&#8221; style=&#8221;flat&#8221; color=&#8221;orange&#8221; size=&#8221;lg&#8221; align=&#8221;left&#8221; css=&#8221;.vc_custom_1588774752946{padding-left: 35px !important;}&#8221; link=&#8221;url:http%3A%2F%2Fwww.sonimec.ca%2Fwp-content%2Fuploads%2F2020%2F05%2FSONIMEC-Les-Microphones.pdf|||&#8221;][\/vc_column][\/vc_row][vc_row gap=&#8221;20&#8243; equal_height=&#8221;yes&#8221; css=&#8221;.vc_custom_1482332206790{margin-top: 20px !important;}&#8221;][vc_column width=&#8221;1\/2&#8243; css=&#8221;.vc_custom_1482332133400{border: 1px solid #ededed !important;}&#8221;][vc_custom_heading text=&#8221;Tests et comparatifs tr\u00e8s bient\u00f4t!&#8221; font_container=&#8221;tag:h3|text_align:left&#8221; use_theme_fonts=&#8221;yes&#8221; css=&#8221;.vc_custom_1588702455055{padding-right: 35px !important;padding-left: 35px !important;}&#8221;][vc_column_text css=&#8221;.vc_custom_1588680920119{padding-right: 35px !important;padding-left: 35px !important;}&#8221;]<\/p>\n<p style=\"text-align: left;\">Voyez bient\u00f4t nos capsules Youtube !<\/p>\n<p>[\/vc_column_text][vc_btn title=&#8221;Installations&#8221; style=&#8221;flat&#8221; color=&#8221;orange&#8221; align=&#8221;left&#8221; css=&#8221;.vc_custom_1588681020051{padding-left: 35px !important;}&#8221; link=&#8221;url:https%3A%2F%2Fwww.svconline.com%2Fthe-wire%2Fbose-boralex|||&#8221;][\/vc_column][vc_column width=&#8221;1\/2&#8243; css=&#8221;.vc_custom_1588680733799{background-image: url(http:\/\/www.sonimec.ca\/wp-content\/uploads\/2018\/10\/Boralex-Montr\u00e9al-3-e1584825270521.jpeg?id=631) !important;background-position: center !important;background-repeat: no-repeat !important;background-size: cover !important;}&#8221;][\/vc_column][\/vc_row]<\/p>\n","protected":false},"excerpt":{"rendered":"<p>[vc_row][vc_column][vc_text_separator title=&#8221;Blog de Fabienne Elliott&#8221; border_width=&#8221;3&#8243;][vc_column_text] Cumulant plus de 20 ans d&#8217;exp\u00e9rience en communications aupr\u00e8s d&#8217;entreprises priv\u00e9es et d&#8217;organisations publiques, notre collaboratrice a poursuivi des \u00e9tudes de troisi\u00e8me cycle en gestion, et pratique l&#8217;enseignement \u00e0 distance depuis plusieurs ann\u00e9es. Elle nous offre une s\u00e9rie d&#8217;articles sur le travail \u00e0 distance: Le t\u00e9l\u00e9travail; La formation \u00e0<\/p>\n<p class=\"more-link\"><a href=\"https:\/\/www.sonimec.ca\/index.php\/blogue\/\" class=\"themebutton\">Read More<\/a><\/p>\n","protected":false},"author":1,"featured_media":0,"parent":0,"menu_order":0,"comment_status":"closed","ping_status":"closed","template":"","meta":[],"categories":[],"tags":[],"yoast_head":"<!-- This site is optimized with the Yoast SEO plugin v19.8 - https:\/\/yoast.com\/wordpress\/plugins\/seo\/ -->\n<title>Blogue et Guide \u00e0 t\u00e9l\u00e9charger. - Sonimec<\/title>\n<meta name=\"robots\" content=\"index, follow, max-snippet:-1, max-image-preview:large, max-video-preview:-1\" \/>\n<link rel=\"canonical\" href=\"https:\/\/www.sonimec.ca\/index.php\/blogue\/\" \/>\n<meta property=\"og:locale\" content=\"fr_FR\" \/>\n<meta property=\"og:type\" content=\"article\" \/>\n<meta property=\"og:title\" content=\"Blogue et Guide \u00e0 t\u00e9l\u00e9charger. - Sonimec\" \/>\n<meta property=\"og:description\" content=\"[vc_row][vc_column][vc_text_separator title=&#8221;Blog de Fabienne Elliott&#8221; border_width=&#8221;3&#8243;][vc_column_text] Cumulant plus de 20 ans d&#8217;exp\u00e9rience en communications aupr\u00e8s d&#8217;entreprises priv\u00e9es et d&#8217;organisations publiques, notre collaboratrice a poursuivi des \u00e9tudes de troisi\u00e8me cycle en gestion, et pratique l&#8217;enseignement \u00e0 distance depuis plusieurs ann\u00e9es. Elle nous offre une s\u00e9rie d&#8217;articles sur le travail \u00e0 distance: Le t\u00e9l\u00e9travail; La formation \u00e0Read More\" \/>\n<meta property=\"og:url\" content=\"https:\/\/www.sonimec.ca\/index.php\/blogue\/\" \/>\n<meta property=\"og:site_name\" content=\"Sonimec\" \/>\n<meta property=\"article:publisher\" content=\"https:\/\/www.facebook.com\/sonimec.ca\/\" \/>\n<meta property=\"article:modified_time\" content=\"2020-05-06T14:19:23+00:00\" \/>\n<meta name=\"twitter:card\" content=\"summary_large_image\" \/>\n<meta name=\"twitter:label1\" content=\"Dur\u00e9e de lecture estim\u00e9e\" \/>\n\t<meta name=\"twitter:data1\" content=\"4 minutes\" \/>\n<script type=\"application\/ld+json\" class=\"yoast-schema-graph\">{\"@context\":\"https:\/\/schema.org\",\"@graph\":[{\"@type\":\"WebPage\",\"@id\":\"https:\/\/www.sonimec.ca\/index.php\/blogue\/\",\"url\":\"https:\/\/www.sonimec.ca\/index.php\/blogue\/\",\"name\":\"Blogue et Guide \u00e0 t\u00e9l\u00e9charger. - Sonimec\",\"isPartOf\":{\"@id\":\"https:\/\/www.sonimec.ca\/#website\"},\"datePublished\":\"2020-03-21T19:50:08+00:00\",\"dateModified\":\"2020-05-06T14:19:23+00:00\",\"breadcrumb\":{\"@id\":\"https:\/\/www.sonimec.ca\/index.php\/blogue\/#breadcrumb\"},\"inLanguage\":\"fr-FR\",\"potentialAction\":[{\"@type\":\"ReadAction\",\"target\":[\"https:\/\/www.sonimec.ca\/index.php\/blogue\/\"]}]},{\"@type\":\"BreadcrumbList\",\"@id\":\"https:\/\/www.sonimec.ca\/index.php\/blogue\/#breadcrumb\",\"itemListElement\":[{\"@type\":\"ListItem\",\"position\":1,\"name\":\"Accueil\",\"item\":\"https:\/\/www.sonimec.ca\/\"},{\"@type\":\"ListItem\",\"position\":2,\"name\":\"Blogue et Guide \u00e0 t\u00e9l\u00e9charger.\"}]},{\"@type\":\"WebSite\",\"@id\":\"https:\/\/www.sonimec.ca\/#website\",\"url\":\"https:\/\/www.sonimec.ca\/\",\"name\":\"Sonimec\",\"description\":\"Audiovisuel Commercial\",\"publisher\":{\"@id\":\"https:\/\/www.sonimec.ca\/#organization\"},\"potentialAction\":[{\"@type\":\"SearchAction\",\"target\":{\"@type\":\"EntryPoint\",\"urlTemplate\":\"https:\/\/www.sonimec.ca\/?s={search_term_string}\"},\"query-input\":\"required name=search_term_string\"}],\"inLanguage\":\"fr-FR\"},{\"@type\":\"Organization\",\"@id\":\"https:\/\/www.sonimec.ca\/#organization\",\"name\":\"Sonimec\",\"url\":\"https:\/\/www.sonimec.ca\/\",\"sameAs\":[\"https:\/\/www.linkedin.com\/in\/daniel-bolduc-00535358\/\",\"https:\/\/www.facebook.com\/sonimec.ca\/\"],\"logo\":{\"@type\":\"ImageObject\",\"inLanguage\":\"fr-FR\",\"@id\":\"https:\/\/www.sonimec.ca\/#\/schema\/logo\/image\/\",\"url\":\"http:\/\/www.sonimec.ca\/wp-content\/uploads\/2017\/09\/Sonimec-GR-DM.jpg\",\"contentUrl\":\"http:\/\/www.sonimec.ca\/wp-content\/uploads\/2017\/09\/Sonimec-GR-DM.jpg\",\"width\":1660,\"height\":298,\"caption\":\"Sonimec\"},\"image\":{\"@id\":\"https:\/\/www.sonimec.ca\/#\/schema\/logo\/image\/\"}}]}<\/script>\n<!-- \/ Yoast SEO plugin. -->","yoast_head_json":{"title":"Blogue et Guide \u00e0 t\u00e9l\u00e9charger. - Sonimec","robots":{"index":"index","follow":"follow","max-snippet":"max-snippet:-1","max-image-preview":"max-image-preview:large","max-video-preview":"max-video-preview:-1"},"canonical":"https:\/\/www.sonimec.ca\/index.php\/blogue\/","og_locale":"fr_FR","og_type":"article","og_title":"Blogue et Guide \u00e0 t\u00e9l\u00e9charger. - Sonimec","og_description":"[vc_row][vc_column][vc_text_separator title=&#8221;Blog de Fabienne Elliott&#8221; border_width=&#8221;3&#8243;][vc_column_text] Cumulant plus de 20 ans d&#8217;exp\u00e9rience en communications aupr\u00e8s d&#8217;entreprises priv\u00e9es et d&#8217;organisations publiques, notre collaboratrice a poursuivi des \u00e9tudes de troisi\u00e8me cycle en gestion, et pratique l&#8217;enseignement \u00e0 distance depuis plusieurs ann\u00e9es. Elle nous offre une s\u00e9rie d&#8217;articles sur le travail \u00e0 distance: Le t\u00e9l\u00e9travail; La formation \u00e0Read More","og_url":"https:\/\/www.sonimec.ca\/index.php\/blogue\/","og_site_name":"Sonimec","article_publisher":"https:\/\/www.facebook.com\/sonimec.ca\/","article_modified_time":"2020-05-06T14:19:23+00:00","twitter_card":"summary_large_image","twitter_misc":{"Dur\u00e9e de lecture estim\u00e9e":"4 minutes"},"schema":{"@context":"https:\/\/schema.org","@graph":[{"@type":"WebPage","@id":"https:\/\/www.sonimec.ca\/index.php\/blogue\/","url":"https:\/\/www.sonimec.ca\/index.php\/blogue\/","name":"Blogue et Guide \u00e0 t\u00e9l\u00e9charger. - Sonimec","isPartOf":{"@id":"https:\/\/www.sonimec.ca\/#website"},"datePublished":"2020-03-21T19:50:08+00:00","dateModified":"2020-05-06T14:19:23+00:00","breadcrumb":{"@id":"https:\/\/www.sonimec.ca\/index.php\/blogue\/#breadcrumb"},"inLanguage":"fr-FR","potentialAction":[{"@type":"ReadAction","target":["https:\/\/www.sonimec.ca\/index.php\/blogue\/"]}]},{"@type":"BreadcrumbList","@id":"https:\/\/www.sonimec.ca\/index.php\/blogue\/#breadcrumb","itemListElement":[{"@type":"ListItem","position":1,"name":"Accueil","item":"https:\/\/www.sonimec.ca\/"},{"@type":"ListItem","position":2,"name":"Blogue et Guide \u00e0 t\u00e9l\u00e9charger."}]},{"@type":"WebSite","@id":"https:\/\/www.sonimec.ca\/#website","url":"https:\/\/www.sonimec.ca\/","name":"Sonimec","description":"Audiovisuel Commercial","publisher":{"@id":"https:\/\/www.sonimec.ca\/#organization"},"potentialAction":[{"@type":"SearchAction","target":{"@type":"EntryPoint","urlTemplate":"https:\/\/www.sonimec.ca\/?s={search_term_string}"},"query-input":"required name=search_term_string"}],"inLanguage":"fr-FR"},{"@type":"Organization","@id":"https:\/\/www.sonimec.ca\/#organization","name":"Sonimec","url":"https:\/\/www.sonimec.ca\/","sameAs":["https:\/\/www.linkedin.com\/in\/daniel-bolduc-00535358\/","https:\/\/www.facebook.com\/sonimec.ca\/"],"logo":{"@type":"ImageObject","inLanguage":"fr-FR","@id":"https:\/\/www.sonimec.ca\/#\/schema\/logo\/image\/","url":"http:\/\/www.sonimec.ca\/wp-content\/uploads\/2017\/09\/Sonimec-GR-DM.jpg","contentUrl":"http:\/\/www.sonimec.ca\/wp-content\/uploads\/2017\/09\/Sonimec-GR-DM.jpg","width":1660,"height":298,"caption":"Sonimec"},"image":{"@id":"https:\/\/www.sonimec.ca\/#\/schema\/logo\/image\/"}}]}},"_links":{"self":[{"href":"https:\/\/www.sonimec.ca\/index.php\/wp-json\/wp\/v2\/pages\/636"}],"collection":[{"href":"https:\/\/www.sonimec.ca\/index.php\/wp-json\/wp\/v2\/pages"}],"about":[{"href":"https:\/\/www.sonimec.ca\/index.php\/wp-json\/wp\/v2\/types\/page"}],"author":[{"embeddable":true,"href":"https:\/\/www.sonimec.ca\/index.php\/wp-json\/wp\/v2\/users\/1"}],"replies":[{"embeddable":true,"href":"https:\/\/www.sonimec.ca\/index.php\/wp-json\/wp\/v2\/comments?post=636"}],"version-history":[{"count":22,"href":"https:\/\/www.sonimec.ca\/index.php\/wp-json\/wp\/v2\/pages\/636\/revisions"}],"predecessor-version":[{"id":739,"href":"https:\/\/www.sonimec.ca\/index.php\/wp-json\/wp\/v2\/pages\/636\/revisions\/739"}],"wp:attachment":[{"href":"https:\/\/www.sonimec.ca\/index.php\/wp-json\/wp\/v2\/media?parent=636"}],"wp:term":[{"taxonomy":"category","embeddable":true,"href":"https:\/\/www.sonimec.ca\/index.php\/wp-json\/wp\/v2\/categories?post=636"},{"taxonomy":"post_tag","embeddable":true,"href":"https:\/\/www.sonimec.ca\/index.php\/wp-json\/wp\/v2\/tags?post=636"}],"curies":[{"name":"wp","href":"https:\/\/api.w.org\/{rel}","templated":true}]}}