{"id":193,"date":"2015-04-23T12:46:23","date_gmt":"2015-04-23T16:46:23","guid":{"rendered":"http:\/\/www.sonimec.ca\/?page_id=193"},"modified":"2016-12-31T12:26:12","modified_gmt":"2016-12-31T16:26:12","slug":"a-propos","status":"publish","type":"page","link":"https:\/\/www.sonimec.ca\/index.php\/a-propos\/","title":{"rendered":"A propos"},"content":{"rendered":"<p><span style=\"font-size: 14pt;\">La mission de Sonimec est d&#8217;offrir des solutions audiovisuel performantes, fiables et facile \u00e0 utiliser. Les technologies doivent nous simplifier la vie et faire en sorte de se concentrer sur le travail et non sur les outils de travail.<\/span><\/p>\n<p><a href=\"http:\/\/www.sonimec.ca\/wp-content\/uploads\/2015\/04\/CDFD_0157_web_1024.jpg\"><img loading=\"lazy\" class=\"alignnone size-medium wp-image-285\" src=\"http:\/\/www.sonimec.ca\/wp-content\/uploads\/2015\/04\/CDFD_0157_web_1024-300x225.jpg\" alt=\"\" width=\"300\" height=\"225\" srcset=\"https:\/\/www.sonimec.ca\/wp-content\/uploads\/2015\/04\/CDFD_0157_web_1024-300x225.jpg 300w, https:\/\/www.sonimec.ca\/wp-content\/uploads\/2015\/04\/CDFD_0157_web_1024-768x576.jpg 768w, https:\/\/www.sonimec.ca\/wp-content\/uploads\/2015\/04\/CDFD_0157_web_1024.jpg 1024w, https:\/\/www.sonimec.ca\/wp-content\/uploads\/2015\/04\/CDFD_0157_web_1024-648x486.jpg 648w, https:\/\/www.sonimec.ca\/wp-content\/uploads\/2015\/04\/CDFD_0157_web_1024-256x192.jpg 256w\" sizes=\"(max-width: 300px) 100vw, 300px\" \/><\/a><a href=\"http:\/\/www.sonimec.ca\/wp-content\/uploads\/2015\/04\/Sonimec-Drummond-Musique.jpg\"><img loading=\"lazy\" class=\"alignnone wp-image-423\" src=\"http:\/\/www.sonimec.ca\/wp-content\/uploads\/2015\/04\/Sonimec-Drummond-Musique-300x148.jpg\" alt=\"\" width=\"454\" height=\"224\" srcset=\"https:\/\/www.sonimec.ca\/wp-content\/uploads\/2015\/04\/Sonimec-Drummond-Musique-300x148.jpg 300w, https:\/\/www.sonimec.ca\/wp-content\/uploads\/2015\/04\/Sonimec-Drummond-Musique-768x379.jpg 768w, https:\/\/www.sonimec.ca\/wp-content\/uploads\/2015\/04\/Sonimec-Drummond-Musique-1024x505.jpg 1024w, https:\/\/www.sonimec.ca\/wp-content\/uploads\/2015\/04\/Sonimec-Drummond-Musique.jpg 1610w\" sizes=\"(max-width: 454px) 100vw, 454px\" \/><\/a><\/p>\n<p>Marc Laflamme et Daniel Bolduc sont dans le domaine des arts et de l&#8217;audio depuis plus de 25 ans. Ensemble, ils ont fond\u00e9\u00a0Sonimec, une division de Drummond Musique enti\u00e8rement d\u00e9di\u00e9e \u00e0 l&#8217;installation permanente d&#8217;\u00e9quipements audio-visuel.\u00a0\u00a0Drummond Musique,\u00a0d\u00e9marr\u00e9 par Marc Laflamme il y a 21 ans est devenu la plus grande entreprise\u00a0de vente et de location d&#8217;\u00e9quipements audio-visuel au centre du Quebec. Daniel Bolduc \u00e0 co-dirig\u00e9 un d\u00e9partement d&#8217;int\u00e9gration audio-visuel\u00a0durant 5 ans avant de D\u00e9marrer Sonimec au d\u00e9but 2014.<\/p>\n<p>&nbsp;<\/p>\n<p>Soumissions et Installations:<\/p>\n<p>Daniel Bolduc \u00a0819 967-4222<\/p>\n<p><a href=\"mailto:daniel@sonimec.ca\">daniel@sonimec.ca<\/a><\/p>\n<p>&nbsp;<\/p>\n<p>Administration:<\/p>\n<p>Manon Michaud 819 477-4222<\/p>\n<p><a href=\"mailto:manon@drummondmusique.com\">manon@drummondmusique.com<\/a><\/p>\n<p>&nbsp;<\/p>\n<p>&nbsp;<\/p>\n","protected":false},"excerpt":{"rendered":"<p>La mission de Sonimec est d&#8217;offrir des solutions audiovisuel performantes, fiables et facile \u00e0 utiliser. Les technologies doivent nous simplifier la vie et faire en sorte de se concentrer sur le travail et non sur les outils de travail. Marc Laflamme et Daniel Bolduc sont dans le domaine des arts et de l&#8217;audio depuis plus<\/p>\n<p class=\"more-link\"><a href=\"https:\/\/www.sonimec.ca\/index.php\/a-propos\/\" class=\"themebutton\">Read More<\/a><\/p>\n","protected":false},"author":1,"featured_media":0,"parent":0,"menu_order":0,"comment_status":"closed","ping_status":"closed","template":"","meta":[],"categories":[],"tags":[],"yoast_head":"<!-- This site is optimized with the Yoast SEO plugin v19.8 - https:\/\/yoast.com\/wordpress\/plugins\/seo\/ -->\n<title>A propos - Sonimec<\/title>\n<meta name=\"robots\" content=\"index, follow, max-snippet:-1, max-image-preview:large, max-video-preview:-1\" \/>\n<link rel=\"canonical\" href=\"https:\/\/www.sonimec.ca\/index.php\/a-propos\/\" \/>\n<meta property=\"og:locale\" content=\"fr_FR\" \/>\n<meta property=\"og:type\" content=\"article\" \/>\n<meta property=\"og:title\" content=\"A propos - Sonimec\" \/>\n<meta property=\"og:description\" content=\"La mission de Sonimec est d&#8217;offrir des solutions audiovisuel performantes, fiables et facile \u00e0 utiliser. Les technologies doivent nous simplifier la vie et faire en sorte de se concentrer sur le travail et non sur les outils de travail. Marc Laflamme et Daniel Bolduc sont dans le domaine des arts et de l&#8217;audio depuis plusRead More\" \/>\n<meta property=\"og:url\" content=\"https:\/\/www.sonimec.ca\/index.php\/a-propos\/\" \/>\n<meta property=\"og:site_name\" content=\"Sonimec\" \/>\n<meta property=\"article:publisher\" content=\"https:\/\/www.facebook.com\/sonimec.ca\/\" \/>\n<meta property=\"article:modified_time\" content=\"2016-12-31T16:26:12+00:00\" \/>\n<meta property=\"og:image\" content=\"http:\/\/www.sonimec.ca\/wp-content\/uploads\/2015\/04\/CDFD_0157_web_1024-300x225.jpg\" \/>\n<meta name=\"twitter:card\" content=\"summary_large_image\" \/>\n<meta name=\"twitter:label1\" content=\"Dur\u00e9e de lecture estim\u00e9e\" \/>\n\t<meta name=\"twitter:data1\" content=\"1 minute\" \/>\n<script type=\"application\/ld+json\" class=\"yoast-schema-graph\">{\"@context\":\"https:\/\/schema.org\",\"@graph\":[{\"@type\":\"WebPage\",\"@id\":\"https:\/\/www.sonimec.ca\/index.php\/a-propos\/\",\"url\":\"https:\/\/www.sonimec.ca\/index.php\/a-propos\/\",\"name\":\"A propos - Sonimec\",\"isPartOf\":{\"@id\":\"https:\/\/www.sonimec.ca\/#website\"},\"datePublished\":\"2015-04-23T16:46:23+00:00\",\"dateModified\":\"2016-12-31T16:26:12+00:00\",\"breadcrumb\":{\"@id\":\"https:\/\/www.sonimec.ca\/index.php\/a-propos\/#breadcrumb\"},\"inLanguage\":\"fr-FR\",\"potentialAction\":[{\"@type\":\"ReadAction\",\"target\":[\"https:\/\/www.sonimec.ca\/index.php\/a-propos\/\"]}]},{\"@type\":\"BreadcrumbList\",\"@id\":\"https:\/\/www.sonimec.ca\/index.php\/a-propos\/#breadcrumb\",\"itemListElement\":[{\"@type\":\"ListItem\",\"position\":1,\"name\":\"Accueil\",\"item\":\"https:\/\/www.sonimec.ca\/\"},{\"@type\":\"ListItem\",\"position\":2,\"name\":\"A propos\"}]},{\"@type\":\"WebSite\",\"@id\":\"https:\/\/www.sonimec.ca\/#website\",\"url\":\"https:\/\/www.sonimec.ca\/\",\"name\":\"Sonimec\",\"description\":\"Audiovisuel Commercial\",\"publisher\":{\"@id\":\"https:\/\/www.sonimec.ca\/#organization\"},\"potentialAction\":[{\"@type\":\"SearchAction\",\"target\":{\"@type\":\"EntryPoint\",\"urlTemplate\":\"https:\/\/www.sonimec.ca\/?s={search_term_string}\"},\"query-input\":\"required name=search_term_string\"}],\"inLanguage\":\"fr-FR\"},{\"@type\":\"Organization\",\"@id\":\"https:\/\/www.sonimec.ca\/#organization\",\"name\":\"Sonimec\",\"url\":\"https:\/\/www.sonimec.ca\/\",\"sameAs\":[\"https:\/\/www.linkedin.com\/in\/daniel-bolduc-00535358\/\",\"https:\/\/www.facebook.com\/sonimec.ca\/\"],\"logo\":{\"@type\":\"ImageObject\",\"inLanguage\":\"fr-FR\",\"@id\":\"https:\/\/www.sonimec.ca\/#\/schema\/logo\/image\/\",\"url\":\"http:\/\/www.sonimec.ca\/wp-content\/uploads\/2017\/09\/Sonimec-GR-DM.jpg\",\"contentUrl\":\"http:\/\/www.sonimec.ca\/wp-content\/uploads\/2017\/09\/Sonimec-GR-DM.jpg\",\"width\":1660,\"height\":298,\"caption\":\"Sonimec\"},\"image\":{\"@id\":\"https:\/\/www.sonimec.ca\/#\/schema\/logo\/image\/\"}}]}<\/script>\n<!-- \/ Yoast SEO plugin. -->","yoast_head_json":{"title":"A propos - Sonimec","robots":{"index":"index","follow":"follow","max-snippet":"max-snippet:-1","max-image-preview":"max-image-preview:large","max-video-preview":"max-video-preview:-1"},"canonical":"https:\/\/www.sonimec.ca\/index.php\/a-propos\/","og_locale":"fr_FR","og_type":"article","og_title":"A propos - Sonimec","og_description":"La mission de Sonimec est d&#8217;offrir des solutions audiovisuel performantes, fiables et facile \u00e0 utiliser. Les technologies doivent nous simplifier la vie et faire en sorte de se concentrer sur le travail et non sur les outils de travail. Marc Laflamme et Daniel Bolduc sont dans le domaine des arts et de l&#8217;audio depuis plusRead More","og_url":"https:\/\/www.sonimec.ca\/index.php\/a-propos\/","og_site_name":"Sonimec","article_publisher":"https:\/\/www.facebook.com\/sonimec.ca\/","article_modified_time":"2016-12-31T16:26:12+00:00","og_image":[{"url":"http:\/\/www.sonimec.ca\/wp-content\/uploads\/2015\/04\/CDFD_0157_web_1024-300x225.jpg"}],"twitter_card":"summary_large_image","twitter_misc":{"Dur\u00e9e de lecture estim\u00e9e":"1 minute"},"schema":{"@context":"https:\/\/schema.org","@graph":[{"@type":"WebPage","@id":"https:\/\/www.sonimec.ca\/index.php\/a-propos\/","url":"https:\/\/www.sonimec.ca\/index.php\/a-propos\/","name":"A propos - Sonimec","isPartOf":{"@id":"https:\/\/www.sonimec.ca\/#website"},"datePublished":"2015-04-23T16:46:23+00:00","dateModified":"2016-12-31T16:26:12+00:00","breadcrumb":{"@id":"https:\/\/www.sonimec.ca\/index.php\/a-propos\/#breadcrumb"},"inLanguage":"fr-FR","potentialAction":[{"@type":"ReadAction","target":["https:\/\/www.sonimec.ca\/index.php\/a-propos\/"]}]},{"@type":"BreadcrumbList","@id":"https:\/\/www.sonimec.ca\/index.php\/a-propos\/#breadcrumb","itemListElement":[{"@type":"ListItem","position":1,"name":"Accueil","item":"https:\/\/www.sonimec.ca\/"},{"@type":"ListItem","position":2,"name":"A propos"}]},{"@type":"WebSite","@id":"https:\/\/www.sonimec.ca\/#website","url":"https:\/\/www.sonimec.ca\/","name":"Sonimec","description":"Audiovisuel Commercial","publisher":{"@id":"https:\/\/www.sonimec.ca\/#organization"},"potentialAction":[{"@type":"SearchAction","target":{"@type":"EntryPoint","urlTemplate":"https:\/\/www.sonimec.ca\/?s={search_term_string}"},"query-input":"required name=search_term_string"}],"inLanguage":"fr-FR"},{"@type":"Organization","@id":"https:\/\/www.sonimec.ca\/#organization","name":"Sonimec","url":"https:\/\/www.sonimec.ca\/","sameAs":["https:\/\/www.linkedin.com\/in\/daniel-bolduc-00535358\/","https:\/\/www.facebook.com\/sonimec.ca\/"],"logo":{"@type":"ImageObject","inLanguage":"fr-FR","@id":"https:\/\/www.sonimec.ca\/#\/schema\/logo\/image\/","url":"http:\/\/www.sonimec.ca\/wp-content\/uploads\/2017\/09\/Sonimec-GR-DM.jpg","contentUrl":"http:\/\/www.sonimec.ca\/wp-content\/uploads\/2017\/09\/Sonimec-GR-DM.jpg","width":1660,"height":298,"caption":"Sonimec"},"image":{"@id":"https:\/\/www.sonimec.ca\/#\/schema\/logo\/image\/"}}]}},"_links":{"self":[{"href":"https:\/\/www.sonimec.ca\/index.php\/wp-json\/wp\/v2\/pages\/193"}],"collection":[{"href":"https:\/\/www.sonimec.ca\/index.php\/wp-json\/wp\/v2\/pages"}],"about":[{"href":"https:\/\/www.sonimec.ca\/index.php\/wp-json\/wp\/v2\/types\/page"}],"author":[{"embeddable":true,"href":"https:\/\/www.sonimec.ca\/index.php\/wp-json\/wp\/v2\/users\/1"}],"replies":[{"embeddable":true,"href":"https:\/\/www.sonimec.ca\/index.php\/wp-json\/wp\/v2\/comments?post=193"}],"version-history":[{"count":10,"href":"https:\/\/www.sonimec.ca\/index.php\/wp-json\/wp\/v2\/pages\/193\/revisions"}],"predecessor-version":[{"id":225,"href":"https:\/\/www.sonimec.ca\/index.php\/wp-json\/wp\/v2\/pages\/193\/revisions\/225"}],"wp:attachment":[{"href":"https:\/\/www.sonimec.ca\/index.php\/wp-json\/wp\/v2\/media?parent=193"}],"wp:term":[{"taxonomy":"category","embeddable":true,"href":"https:\/\/www.sonimec.ca\/index.php\/wp-json\/wp\/v2\/categories?post=193"},{"taxonomy":"post_tag","embeddable":true,"href":"https:\/\/www.sonimec.ca\/index.php\/wp-json\/wp\/v2\/tags?post=193"}],"curies":[{"name":"wp","href":"https:\/\/api.w.org\/{rel}","templated":true}]}}