{"id":81,"date":"2015-04-07T14:19:22","date_gmt":"2015-04-07T18:19:22","guid":{"rendered":"https:\/\/sonimec.wordpress.com\/?page_id=81"},"modified":"2015-04-26T12:17:21","modified_gmt":"2015-04-26T16:17:21","slug":"restauration","status":"publish","type":"page","link":"http:\/\/www.sonimec.ca\/index.php\/installations\/restauration\/","title":{"rendered":"Restauration et H\u00f4tellerie"},"content":{"rendered":"<p>Vous faites tout pour que vos clients se sentent bien chez vous. Les d\u00e9tails font toute la diff\u00e9rence et SONIMEC est l\u00e0 pour vous aider \u00e0 obtenir l\u2019ambiance parfaite \u00e0 tout moment. Les r\u00e9centes technologies ont beaucoup \u00e9volu\u00e9 afin de faciliter le contr\u00f4le et automatiser votre environnement visuel et sonore. Maintenant tout est parfait, pas un fil ne d\u00e9passe , vos clients passent un agr\u00e9able s\u00e9jour dans la beaut\u00e9 et l\u2019harmonie.<\/p>\n","protected":false},"excerpt":{"rendered":"<p>Vous faites tout pour que vos clients se sentent bien chez vous. Les d\u00e9tails font toute la diff\u00e9rence et SONIMEC est l\u00e0 pour vous aider \u00e0 obtenir l\u2019ambiance parfaite \u00e0 tout moment. Les r\u00e9centes technologies ont beaucoup \u00e9volu\u00e9 afin de faciliter le contr\u00f4le et automatiser votre environnement visuel et sonore. Maintenant tout est parfait, pas<\/p>\n<p class=\"more-link\"><a href=\"http:\/\/www.sonimec.ca\/index.php\/installations\/restauration\/\" class=\"themebutton\">Read More<\/a><\/p>\n","protected":false},"author":1,"featured_media":82,"parent":13,"menu_order":0,"comment_status":"closed","ping_status":"closed","template":"page-templates\/full-width-page.php","meta":[],"categories":[],"tags":[],"yoast_head":"<!-- This site is optimized with the Yoast SEO plugin v19.8 - https:\/\/yoast.com\/wordpress\/plugins\/seo\/ -->\n<title>Restauration et H\u00f4tellerie - Sonimec<\/title>\n<meta name=\"robots\" content=\"index, follow, max-snippet:-1, max-image-preview:large, max-video-preview:-1\" \/>\n<link rel=\"canonical\" href=\"http:\/\/www.sonimec.ca\/index.php\/installations\/restauration\/\" \/>\n<meta property=\"og:locale\" content=\"fr_FR\" \/>\n<meta property=\"og:type\" content=\"article\" \/>\n<meta property=\"og:title\" content=\"Restauration et H\u00f4tellerie - Sonimec\" \/>\n<meta property=\"og:description\" content=\"Vous faites tout pour que vos clients se sentent bien chez vous. Les d\u00e9tails font toute la diff\u00e9rence et SONIMEC est l\u00e0 pour vous aider \u00e0 obtenir l\u2019ambiance parfaite \u00e0 tout moment. Les r\u00e9centes technologies ont beaucoup \u00e9volu\u00e9 afin de faciliter le contr\u00f4le et automatiser votre environnement visuel et sonore. Maintenant tout est parfait, pasRead More\" \/>\n<meta property=\"og:url\" content=\"http:\/\/www.sonimec.ca\/index.php\/installations\/restauration\/\" \/>\n<meta property=\"og:site_name\" content=\"Sonimec\" \/>\n<meta property=\"article:publisher\" content=\"https:\/\/www.facebook.com\/sonimec.ca\/\" \/>\n<meta property=\"article:modified_time\" content=\"2015-04-26T16:17:21+00:00\" \/>\n<meta property=\"og:image\" content=\"http:\/\/www.sonimec.ca\/wp-content\/uploads\/2015\/04\/s1salle2.jpg\" \/>\n\t<meta property=\"og:image:width\" content=\"1920\" \/>\n\t<meta property=\"og:image:height\" content=\"1280\" \/>\n\t<meta property=\"og:image:type\" content=\"image\/jpeg\" \/>\n<meta name=\"twitter:card\" content=\"summary_large_image\" \/>\n<script type=\"application\/ld+json\" class=\"yoast-schema-graph\">{\"@context\":\"https:\/\/schema.org\",\"@graph\":[{\"@type\":\"WebPage\",\"@id\":\"http:\/\/www.sonimec.ca\/index.php\/installations\/restauration\/\",\"url\":\"http:\/\/www.sonimec.ca\/index.php\/installations\/restauration\/\",\"name\":\"Restauration et H\u00f4tellerie - Sonimec\",\"isPartOf\":{\"@id\":\"https:\/\/www.sonimec.ca\/#website\"},\"datePublished\":\"2015-04-07T18:19:22+00:00\",\"dateModified\":\"2015-04-26T16:17:21+00:00\",\"breadcrumb\":{\"@id\":\"http:\/\/www.sonimec.ca\/index.php\/installations\/restauration\/#breadcrumb\"},\"inLanguage\":\"fr-FR\",\"potentialAction\":[{\"@type\":\"ReadAction\",\"target\":[\"http:\/\/www.sonimec.ca\/index.php\/installations\/restauration\/\"]}]},{\"@type\":\"BreadcrumbList\",\"@id\":\"http:\/\/www.sonimec.ca\/index.php\/installations\/restauration\/#breadcrumb\",\"itemListElement\":[{\"@type\":\"ListItem\",\"position\":1,\"name\":\"Accueil\",\"item\":\"http:\/\/www.sonimec.ca\/\"},{\"@type\":\"ListItem\",\"position\":2,\"name\":\"Audio Visuel Commercial\",\"item\":\"http:\/\/www.sonimec.ca\/\"},{\"@type\":\"ListItem\",\"position\":3,\"name\":\"Restauration et H\u00f4tellerie\"}]},{\"@type\":\"WebSite\",\"@id\":\"https:\/\/www.sonimec.ca\/#website\",\"url\":\"https:\/\/www.sonimec.ca\/\",\"name\":\"Sonimec\",\"description\":\"Audiovisuel Commercial\",\"publisher\":{\"@id\":\"https:\/\/www.sonimec.ca\/#organization\"},\"potentialAction\":[{\"@type\":\"SearchAction\",\"target\":{\"@type\":\"EntryPoint\",\"urlTemplate\":\"https:\/\/www.sonimec.ca\/?s={search_term_string}\"},\"query-input\":\"required name=search_term_string\"}],\"inLanguage\":\"fr-FR\"},{\"@type\":\"Organization\",\"@id\":\"https:\/\/www.sonimec.ca\/#organization\",\"name\":\"Sonimec\",\"url\":\"https:\/\/www.sonimec.ca\/\",\"sameAs\":[\"https:\/\/www.linkedin.com\/in\/daniel-bolduc-00535358\/\",\"https:\/\/www.facebook.com\/sonimec.ca\/\"],\"logo\":{\"@type\":\"ImageObject\",\"inLanguage\":\"fr-FR\",\"@id\":\"https:\/\/www.sonimec.ca\/#\/schema\/logo\/image\/\",\"url\":\"http:\/\/www.sonimec.ca\/wp-content\/uploads\/2017\/09\/Sonimec-GR-DM.jpg\",\"contentUrl\":\"http:\/\/www.sonimec.ca\/wp-content\/uploads\/2017\/09\/Sonimec-GR-DM.jpg\",\"width\":1660,\"height\":298,\"caption\":\"Sonimec\"},\"image\":{\"@id\":\"https:\/\/www.sonimec.ca\/#\/schema\/logo\/image\/\"}}]}<\/script>\n<!-- \/ Yoast SEO plugin. -->","yoast_head_json":{"title":"Restauration et H\u00f4tellerie - Sonimec","robots":{"index":"index","follow":"follow","max-snippet":"max-snippet:-1","max-image-preview":"max-image-preview:large","max-video-preview":"max-video-preview:-1"},"canonical":"http:\/\/www.sonimec.ca\/index.php\/installations\/restauration\/","og_locale":"fr_FR","og_type":"article","og_title":"Restauration et H\u00f4tellerie - Sonimec","og_description":"Vous faites tout pour que vos clients se sentent bien chez vous. Les d\u00e9tails font toute la diff\u00e9rence et SONIMEC est l\u00e0 pour vous aider \u00e0 obtenir l\u2019ambiance parfaite \u00e0 tout moment. Les r\u00e9centes technologies ont beaucoup \u00e9volu\u00e9 afin de faciliter le contr\u00f4le et automatiser votre environnement visuel et sonore. Maintenant tout est parfait, pasRead More","og_url":"http:\/\/www.sonimec.ca\/index.php\/installations\/restauration\/","og_site_name":"Sonimec","article_publisher":"https:\/\/www.facebook.com\/sonimec.ca\/","article_modified_time":"2015-04-26T16:17:21+00:00","og_image":[{"width":1920,"height":1280,"url":"http:\/\/www.sonimec.ca\/wp-content\/uploads\/2015\/04\/s1salle2.jpg","type":"image\/jpeg"}],"twitter_card":"summary_large_image","schema":{"@context":"https:\/\/schema.org","@graph":[{"@type":"WebPage","@id":"http:\/\/www.sonimec.ca\/index.php\/installations\/restauration\/","url":"http:\/\/www.sonimec.ca\/index.php\/installations\/restauration\/","name":"Restauration et H\u00f4tellerie - Sonimec","isPartOf":{"@id":"https:\/\/www.sonimec.ca\/#website"},"datePublished":"2015-04-07T18:19:22+00:00","dateModified":"2015-04-26T16:17:21+00:00","breadcrumb":{"@id":"http:\/\/www.sonimec.ca\/index.php\/installations\/restauration\/#breadcrumb"},"inLanguage":"fr-FR","potentialAction":[{"@type":"ReadAction","target":["http:\/\/www.sonimec.ca\/index.php\/installations\/restauration\/"]}]},{"@type":"BreadcrumbList","@id":"http:\/\/www.sonimec.ca\/index.php\/installations\/restauration\/#breadcrumb","itemListElement":[{"@type":"ListItem","position":1,"name":"Accueil","item":"http:\/\/www.sonimec.ca\/"},{"@type":"ListItem","position":2,"name":"Audio Visuel Commercial","item":"http:\/\/www.sonimec.ca\/"},{"@type":"ListItem","position":3,"name":"Restauration et H\u00f4tellerie"}]},{"@type":"WebSite","@id":"https:\/\/www.sonimec.ca\/#website","url":"https:\/\/www.sonimec.ca\/","name":"Sonimec","description":"Audiovisuel Commercial","publisher":{"@id":"https:\/\/www.sonimec.ca\/#organization"},"potentialAction":[{"@type":"SearchAction","target":{"@type":"EntryPoint","urlTemplate":"https:\/\/www.sonimec.ca\/?s={search_term_string}"},"query-input":"required name=search_term_string"}],"inLanguage":"fr-FR"},{"@type":"Organization","@id":"https:\/\/www.sonimec.ca\/#organization","name":"Sonimec","url":"https:\/\/www.sonimec.ca\/","sameAs":["https:\/\/www.linkedin.com\/in\/daniel-bolduc-00535358\/","https:\/\/www.facebook.com\/sonimec.ca\/"],"logo":{"@type":"ImageObject","inLanguage":"fr-FR","@id":"https:\/\/www.sonimec.ca\/#\/schema\/logo\/image\/","url":"http:\/\/www.sonimec.ca\/wp-content\/uploads\/2017\/09\/Sonimec-GR-DM.jpg","contentUrl":"http:\/\/www.sonimec.ca\/wp-content\/uploads\/2017\/09\/Sonimec-GR-DM.jpg","width":1660,"height":298,"caption":"Sonimec"},"image":{"@id":"https:\/\/www.sonimec.ca\/#\/schema\/logo\/image\/"}}]}},"_links":{"self":[{"href":"http:\/\/www.sonimec.ca\/index.php\/wp-json\/wp\/v2\/pages\/81"}],"collection":[{"href":"http:\/\/www.sonimec.ca\/index.php\/wp-json\/wp\/v2\/pages"}],"about":[{"href":"http:\/\/www.sonimec.ca\/index.php\/wp-json\/wp\/v2\/types\/page"}],"author":[{"embeddable":true,"href":"http:\/\/www.sonimec.ca\/index.php\/wp-json\/wp\/v2\/users\/1"}],"replies":[{"embeddable":true,"href":"http:\/\/www.sonimec.ca\/index.php\/wp-json\/wp\/v2\/comments?post=81"}],"version-history":[{"count":2,"href":"http:\/\/www.sonimec.ca\/index.php\/wp-json\/wp\/v2\/pages\/81\/revisions"}],"predecessor-version":[{"id":215,"href":"http:\/\/www.sonimec.ca\/index.php\/wp-json\/wp\/v2\/pages\/81\/revisions\/215"}],"up":[{"embeddable":true,"href":"http:\/\/www.sonimec.ca\/index.php\/wp-json\/wp\/v2\/pages\/13"}],"wp:featuredmedia":[{"embeddable":true,"href":"http:\/\/www.sonimec.ca\/index.php\/wp-json\/wp\/v2\/media\/82"}],"wp:attachment":[{"href":"http:\/\/www.sonimec.ca\/index.php\/wp-json\/wp\/v2\/media?parent=81"}],"wp:term":[{"taxonomy":"category","embeddable":true,"href":"http:\/\/www.sonimec.ca\/index.php\/wp-json\/wp\/v2\/categories?post=81"},{"taxonomy":"post_tag","embeddable":true,"href":"http:\/\/www.sonimec.ca\/index.php\/wp-json\/wp\/v2\/tags?post=81"}],"curies":[{"name":"wp","href":"https:\/\/api.w.org\/{rel}","templated":true}]}}