{"id":54,"date":"2015-04-06T22:06:04","date_gmt":"2015-04-07T02:06:04","guid":{"rendered":"https:\/\/sonimec.wordpress.com\/?page_id=54"},"modified":"2015-04-26T12:28:32","modified_gmt":"2015-04-26T16:28:32","slug":"affaire","status":"publish","type":"page","link":"http:\/\/www.sonimec.ca\/index.php\/affaire\/","title":{"rendered":"Affaires et Bureau"},"content":{"rendered":"<p>La collaboration et la communication sont les cl\u00e9s du succ\u00e8s dans un monde de plus en plus comp\u00e9titif. Votre salle de r\u00e9union, vos bureaux, et m\u00eame les lieux communs de votre entreprise n\u00e9cessitent des technologies de pointe et des installations ergonomiques. Les solutions SONIMEC vous feront \u00e9conomiser temps et argent. Nos installations sauront mettre en valeur votre entreprise.<\/p>\n","protected":false},"excerpt":{"rendered":"<p>La collaboration et la communication sont les cl\u00e9s du succ\u00e8s dans un monde de plus en plus comp\u00e9titif. Votre salle de r\u00e9union, vos bureaux, et m\u00eame les lieux communs de votre entreprise n\u00e9cessitent des technologies de pointe et des installations ergonomiques. Les solutions SONIMEC vous feront \u00e9conomiser temps et argent. Nos installations sauront mettre en<\/p>\n<p class=\"more-link\"><a href=\"http:\/\/www.sonimec.ca\/index.php\/affaire\/\" class=\"themebutton\">Read More<\/a><\/p>\n","protected":false},"author":1,"featured_media":32,"parent":0,"menu_order":0,"comment_status":"closed","ping_status":"closed","template":"","meta":[],"categories":[],"tags":[],"yoast_head":"<!-- This site is optimized with the Yoast SEO plugin v19.8 - https:\/\/yoast.com\/wordpress\/plugins\/seo\/ -->\n<title>Affaires et Bureau - Sonimec<\/title>\n<meta name=\"robots\" content=\"index, follow, max-snippet:-1, max-image-preview:large, max-video-preview:-1\" \/>\n<link rel=\"canonical\" href=\"http:\/\/www.sonimec.ca\/index.php\/affaire\/\" \/>\n<meta property=\"og:locale\" content=\"fr_FR\" \/>\n<meta property=\"og:type\" content=\"article\" \/>\n<meta property=\"og:title\" content=\"Affaires et Bureau - Sonimec\" \/>\n<meta property=\"og:description\" content=\"La collaboration et la communication sont les cl\u00e9s du succ\u00e8s dans un monde de plus en plus comp\u00e9titif. Votre salle de r\u00e9union, vos bureaux, et m\u00eame les lieux communs de votre entreprise n\u00e9cessitent des technologies de pointe et des installations ergonomiques. Les solutions SONIMEC vous feront \u00e9conomiser temps et argent. Nos installations sauront mettre enRead More\" \/>\n<meta property=\"og:url\" content=\"http:\/\/www.sonimec.ca\/index.php\/affaire\/\" \/>\n<meta property=\"og:site_name\" content=\"Sonimec\" \/>\n<meta property=\"article:publisher\" content=\"https:\/\/www.facebook.com\/sonimec.ca\/\" \/>\n<meta property=\"article:modified_time\" content=\"2015-04-26T16:28:32+00:00\" \/>\n<meta property=\"og:image\" content=\"http:\/\/www.sonimec.ca\/wp-content\/uploads\/2015\/04\/soucy1-1024x763.jpg\" \/>\n\t<meta property=\"og:image:width\" content=\"1024\" \/>\n\t<meta property=\"og:image:height\" content=\"763\" \/>\n\t<meta property=\"og:image:type\" content=\"image\/jpeg\" \/>\n<meta name=\"twitter:card\" content=\"summary_large_image\" \/>\n<script type=\"application\/ld+json\" class=\"yoast-schema-graph\">{\"@context\":\"https:\/\/schema.org\",\"@graph\":[{\"@type\":\"WebPage\",\"@id\":\"http:\/\/www.sonimec.ca\/index.php\/affaire\/\",\"url\":\"http:\/\/www.sonimec.ca\/index.php\/affaire\/\",\"name\":\"Affaires et Bureau - Sonimec\",\"isPartOf\":{\"@id\":\"https:\/\/www.sonimec.ca\/#website\"},\"datePublished\":\"2015-04-07T02:06:04+00:00\",\"dateModified\":\"2015-04-26T16:28:32+00:00\",\"breadcrumb\":{\"@id\":\"http:\/\/www.sonimec.ca\/index.php\/affaire\/#breadcrumb\"},\"inLanguage\":\"fr-FR\",\"potentialAction\":[{\"@type\":\"ReadAction\",\"target\":[\"http:\/\/www.sonimec.ca\/index.php\/affaire\/\"]}]},{\"@type\":\"BreadcrumbList\",\"@id\":\"http:\/\/www.sonimec.ca\/index.php\/affaire\/#breadcrumb\",\"itemListElement\":[{\"@type\":\"ListItem\",\"position\":1,\"name\":\"Accueil\",\"item\":\"http:\/\/www.sonimec.ca\/\"},{\"@type\":\"ListItem\",\"position\":2,\"name\":\"Affaires et Bureau\"}]},{\"@type\":\"WebSite\",\"@id\":\"https:\/\/www.sonimec.ca\/#website\",\"url\":\"https:\/\/www.sonimec.ca\/\",\"name\":\"Sonimec\",\"description\":\"Audiovisuel Commercial\",\"publisher\":{\"@id\":\"https:\/\/www.sonimec.ca\/#organization\"},\"potentialAction\":[{\"@type\":\"SearchAction\",\"target\":{\"@type\":\"EntryPoint\",\"urlTemplate\":\"https:\/\/www.sonimec.ca\/?s={search_term_string}\"},\"query-input\":\"required name=search_term_string\"}],\"inLanguage\":\"fr-FR\"},{\"@type\":\"Organization\",\"@id\":\"https:\/\/www.sonimec.ca\/#organization\",\"name\":\"Sonimec\",\"url\":\"https:\/\/www.sonimec.ca\/\",\"sameAs\":[\"https:\/\/www.linkedin.com\/in\/daniel-bolduc-00535358\/\",\"https:\/\/www.facebook.com\/sonimec.ca\/\"],\"logo\":{\"@type\":\"ImageObject\",\"inLanguage\":\"fr-FR\",\"@id\":\"https:\/\/www.sonimec.ca\/#\/schema\/logo\/image\/\",\"url\":\"http:\/\/www.sonimec.ca\/wp-content\/uploads\/2017\/09\/Sonimec-GR-DM.jpg\",\"contentUrl\":\"http:\/\/www.sonimec.ca\/wp-content\/uploads\/2017\/09\/Sonimec-GR-DM.jpg\",\"width\":1660,\"height\":298,\"caption\":\"Sonimec\"},\"image\":{\"@id\":\"https:\/\/www.sonimec.ca\/#\/schema\/logo\/image\/\"}}]}<\/script>\n<!-- \/ Yoast SEO plugin. -->","yoast_head_json":{"title":"Affaires et Bureau - Sonimec","robots":{"index":"index","follow":"follow","max-snippet":"max-snippet:-1","max-image-preview":"max-image-preview:large","max-video-preview":"max-video-preview:-1"},"canonical":"http:\/\/www.sonimec.ca\/index.php\/affaire\/","og_locale":"fr_FR","og_type":"article","og_title":"Affaires et Bureau - Sonimec","og_description":"La collaboration et la communication sont les cl\u00e9s du succ\u00e8s dans un monde de plus en plus comp\u00e9titif. Votre salle de r\u00e9union, vos bureaux, et m\u00eame les lieux communs de votre entreprise n\u00e9cessitent des technologies de pointe et des installations ergonomiques. Les solutions SONIMEC vous feront \u00e9conomiser temps et argent. Nos installations sauront mettre enRead More","og_url":"http:\/\/www.sonimec.ca\/index.php\/affaire\/","og_site_name":"Sonimec","article_publisher":"https:\/\/www.facebook.com\/sonimec.ca\/","article_modified_time":"2015-04-26T16:28:32+00:00","og_image":[{"width":1024,"height":763,"url":"http:\/\/www.sonimec.ca\/wp-content\/uploads\/2015\/04\/soucy1-1024x763.jpg","type":"image\/jpeg"}],"twitter_card":"summary_large_image","schema":{"@context":"https:\/\/schema.org","@graph":[{"@type":"WebPage","@id":"http:\/\/www.sonimec.ca\/index.php\/affaire\/","url":"http:\/\/www.sonimec.ca\/index.php\/affaire\/","name":"Affaires et Bureau - Sonimec","isPartOf":{"@id":"https:\/\/www.sonimec.ca\/#website"},"datePublished":"2015-04-07T02:06:04+00:00","dateModified":"2015-04-26T16:28:32+00:00","breadcrumb":{"@id":"http:\/\/www.sonimec.ca\/index.php\/affaire\/#breadcrumb"},"inLanguage":"fr-FR","potentialAction":[{"@type":"ReadAction","target":["http:\/\/www.sonimec.ca\/index.php\/affaire\/"]}]},{"@type":"BreadcrumbList","@id":"http:\/\/www.sonimec.ca\/index.php\/affaire\/#breadcrumb","itemListElement":[{"@type":"ListItem","position":1,"name":"Accueil","item":"http:\/\/www.sonimec.ca\/"},{"@type":"ListItem","position":2,"name":"Affaires et Bureau"}]},{"@type":"WebSite","@id":"https:\/\/www.sonimec.ca\/#website","url":"https:\/\/www.sonimec.ca\/","name":"Sonimec","description":"Audiovisuel Commercial","publisher":{"@id":"https:\/\/www.sonimec.ca\/#organization"},"potentialAction":[{"@type":"SearchAction","target":{"@type":"EntryPoint","urlTemplate":"https:\/\/www.sonimec.ca\/?s={search_term_string}"},"query-input":"required name=search_term_string"}],"inLanguage":"fr-FR"},{"@type":"Organization","@id":"https:\/\/www.sonimec.ca\/#organization","name":"Sonimec","url":"https:\/\/www.sonimec.ca\/","sameAs":["https:\/\/www.linkedin.com\/in\/daniel-bolduc-00535358\/","https:\/\/www.facebook.com\/sonimec.ca\/"],"logo":{"@type":"ImageObject","inLanguage":"fr-FR","@id":"https:\/\/www.sonimec.ca\/#\/schema\/logo\/image\/","url":"http:\/\/www.sonimec.ca\/wp-content\/uploads\/2017\/09\/Sonimec-GR-DM.jpg","contentUrl":"http:\/\/www.sonimec.ca\/wp-content\/uploads\/2017\/09\/Sonimec-GR-DM.jpg","width":1660,"height":298,"caption":"Sonimec"},"image":{"@id":"https:\/\/www.sonimec.ca\/#\/schema\/logo\/image\/"}}]}},"_links":{"self":[{"href":"http:\/\/www.sonimec.ca\/index.php\/wp-json\/wp\/v2\/pages\/54"}],"collection":[{"href":"http:\/\/www.sonimec.ca\/index.php\/wp-json\/wp\/v2\/pages"}],"about":[{"href":"http:\/\/www.sonimec.ca\/index.php\/wp-json\/wp\/v2\/types\/page"}],"author":[{"embeddable":true,"href":"http:\/\/www.sonimec.ca\/index.php\/wp-json\/wp\/v2\/users\/1"}],"replies":[{"embeddable":true,"href":"http:\/\/www.sonimec.ca\/index.php\/wp-json\/wp\/v2\/comments?post=54"}],"version-history":[{"count":4,"href":"http:\/\/www.sonimec.ca\/index.php\/wp-json\/wp\/v2\/pages\/54\/revisions"}],"predecessor-version":[{"id":219,"href":"http:\/\/www.sonimec.ca\/index.php\/wp-json\/wp\/v2\/pages\/54\/revisions\/219"}],"wp:featuredmedia":[{"embeddable":true,"href":"http:\/\/www.sonimec.ca\/index.php\/wp-json\/wp\/v2\/media\/32"}],"wp:attachment":[{"href":"http:\/\/www.sonimec.ca\/index.php\/wp-json\/wp\/v2\/media?parent=54"}],"wp:term":[{"taxonomy":"category","embeddable":true,"href":"http:\/\/www.sonimec.ca\/index.php\/wp-json\/wp\/v2\/categories?post=54"},{"taxonomy":"post_tag","embeddable":true,"href":"http:\/\/www.sonimec.ca\/index.php\/wp-json\/wp\/v2\/tags?post=54"}],"curies":[{"name":"wp","href":"https:\/\/api.w.org\/{rel}","templated":true}]}}